{"id":169,"date":"2024-04-20T06:59:54","date_gmt":"2024-04-20T04:59:54","guid":{"rendered":"https:\/\/webaruhaz.n1soft.hu\/?post_type=product&#038;p=169"},"modified":"2025-02-03T07:43:28","modified_gmt":"2025-02-03T06:43:28","slug":"wbox2000-ketolvasos-belepteto-szett","status":"publish","type":"product","link":"https:\/\/webaruhaz.n1soft.hu\/index.php\/termek\/wbox2000-ketolvasos-belepteto-szett\/","title":{"rendered":"wBox2000 k\u00e9tolvas\u00f3s bel\u00e9ptet\u0151 szett"},"content":{"rendered":"<p>A csomag tartalmaz egy k\u00e9tolvas\u00f3s \u00e1tj\u00e1r\u00f3 kialak\u00edt\u00e1shoz minden sz\u00fcks\u00e9ges elemet (m\u00e1gnesz\u00e1r vagy ajt\u00f3tart\u00f3 m\u00e1gnes kiv\u00e9tel\u00e9vel, tekintettel a rendk\u00edv\u00fcl sokf\u00e9le ajt\u00f3t\u00edpusra).<\/p>\n<ul>\n<li>X8Ip vez\u00e9rl\u0151 f\u00e9mdobozban ( 210x260x68mm). \u00a0Ethernet IP alap\u00fa k\u00e9tolvas\u00f3s bel\u00e9ptet\u0151 vez\u00e9rl\u0151. K\u00e1rtyaolvas\u00f3 csatlakoz\u00e1s: 2db Wiegand (BE \u00e9s Ki ir\u00e1nyok). K\u00f3dsz\u00e1m vagy speci\u00e1lis esem\u00e9ny bevitel: bel\u00e9p\u00e9s k\u00e1rty\u00e1val, bel\u00e9p\u00e9s PIN k\u00f3ddal, vagy k\u00e1rtya \u00e9s PIN k\u00f3d egy\u00fctt. wBoxOpen Android alkalmaz\u00e1ssal is vez\u00e9relhet\u0151. 2000 k\u00e1rtya, 6000 esem\u00e9ny t\u00e1rol\u00e1sa. 4 programozhat\u00f3 be- \u00e9s kimenet pl.: k\u00e9zi nyit\u00e1s, szabot\u00e1zs, speci\u00e1lis vez\u00e9rl\u00e9si feladatok. Egy nagy\u00e1ram\u00fa rel\u00e9 a panelon (m\u00e1gnesz\u00e1r vez\u00e9rl\u00e9s). Be\u00e9p\u00edtett nem felejt\u0151 val\u00f3s idej\u0171 \u00f3ra, id\u0151tartom\u00e1nyokhoz k\u00f6t\u00f6tt jogosults\u00e1g rendszer.<\/li>\n<li>Sz\u00fcnetmentes t\u00e1pell\u00e1t\u00e1s<\/li>\n<li>2.5A t\u00e1pegys\u00e9g<\/li>\n<li>4A\u00f3 akkumul\u00e1tor<\/li>\n<li>2db EM-ID k\u00e1rtyaolvas\u00f3 k\u00fclt\u00e9ri<\/li>\n<li>5 darab EM-ID k\u00e1rtya<\/li>\n<li>wBox2000 bel\u00e9ptet\u0151 program (ingyenes), az eg\u00e9sz rendszer webr\u0151l menedzselhet\u0151<\/li>\n<li>wBoxOpen Androidos t\u00e1vvez\u00e9rl\u0151 program, t\u00e1voli nyit\u00e1s b\u00e1rhonnan.<\/li>\n<li>Ingyenes t\u00e1voli seg\u00edts\u00e9gny\u00fajt\u00e1s a be\u00e1ll\u00edt\u00e1shoz.<\/li>\n<\/ul>\n<p>A k\u00e9t olvas\u00f3 egym\u00e1st\u00f3l f\u00fcggetlen jogosults\u00e1ggal is be\u00e1ll\u00edthat\u00f3, \u00edgy k\u00f6z\u00f6s vez\u00e9rl\u0151vel k\u00e9t egym\u00e1st\u00f3l nem t\u00fal t\u00e1voli \u00e1tj\u00e1r\u00f3t is fel\u00fcgyelhet.<\/p>\n","protected":false},"excerpt":{"rendered":"<p>A csomag tartalmaz egy k\u00e9tolvas\u00f3s \u00e1tj\u00e1r\u00f3 kialak\u00edt\u00e1shoz minden sz\u00fcks\u00e9ges elemet (m\u00e1gnesz\u00e1r vagy ajt\u00f3tart\u00f3 m\u00e1gnes kiv\u00e9tel\u00e9vel, tekintettel a rendk\u00edv\u00fcl sokf\u00e9le ajt\u00f3t\u00edpusra).<\/p>\n","protected":false},"featured_media":170,"template":"","meta":[],"product_cat":[16],"product_tag":[],"class_list":{"0":"post-169","1":"product","2":"type-product","3":"status-publish","4":"has-post-thumbnail","6":"product_cat-vezerlok-szettek","8":"first","9":"instock","10":"taxable","11":"shipping-taxable","12":"purchasable","13":"product-type-simple"},"_links":{"self":[{"href":"https:\/\/webaruhaz.n1soft.hu\/index.php\/wp-json\/wp\/v2\/product\/169","targetHints":{"allow":["GET"]}}],"collection":[{"href":"https:\/\/webaruhaz.n1soft.hu\/index.php\/wp-json\/wp\/v2\/product"}],"about":[{"href":"https:\/\/webaruhaz.n1soft.hu\/index.php\/wp-json\/wp\/v2\/types\/product"}],"wp:featuredmedia":[{"embeddable":true,"href":"https:\/\/webaruhaz.n1soft.hu\/index.php\/wp-json\/wp\/v2\/media\/170"}],"wp:attachment":[{"href":"https:\/\/webaruhaz.n1soft.hu\/index.php\/wp-json\/wp\/v2\/media?parent=169"}],"wp:term":[{"taxonomy":"product_cat","embeddable":true,"href":"https:\/\/webaruhaz.n1soft.hu\/index.php\/wp-json\/wp\/v2\/product_cat?post=169"},{"taxonomy":"product_tag","embeddable":true,"href":"https:\/\/webaruhaz.n1soft.hu\/index.php\/wp-json\/wp\/v2\/product_tag?post=169"}],"curies":[{"name":"wp","href":"https:\/\/api.w.org\/{rel}","templated":true}]}}