{"id":173,"date":"2024-04-20T07:07:35","date_gmt":"2024-04-20T05:07:35","guid":{"rendered":"https:\/\/webaruhaz.n1soft.hu\/?post_type=product&#038;p=173"},"modified":"2025-07-07T14:36:06","modified_gmt":"2025-07-07T12:36:06","slug":"x8wifi-ketolvasos-belepteto-szett","status":"publish","type":"product","link":"https:\/\/webaruhaz.n1soft.hu\/index.php\/termek\/x8wifi-ketolvasos-belepteto-szett\/","title":{"rendered":"X8WiFi K\u00e9tolvas\u00f3s bel\u00e9ptet\u0151 szett"},"content":{"rendered":"<p>A csomag tartalmaz egy k\u00e9tolvas\u00f3s \u00e1tj\u00e1r\u00f3 kialak\u00edt\u00e1shoz minden sz\u00fcks\u00e9ges elemet (m\u00e1gnesz\u00e1r vagy ajt\u00f3tart\u00f3 m\u00e1gnes kiv\u00e9tel\u00e9vel, tekintettel a rendk\u00edv\u00fcl sokf\u00e9le ajt\u00f3t\u00edpusra) WiFi kommunik\u00e1ci\u00f3val.<\/p>\n<p>X8WiFi vez\u00e9rl\u0151 f\u00e9mdobozban (210x230x75mm). WiFi IP alap\u00fa k\u00e9tolvas\u00f3s bel\u00e9ptet\u0151 vez\u00e9rl\u0151. K\u00e1rtyaolvas\u00f3 csatlakoz\u00e1s: 2db Wiegand (BE \u00e9s Ki ir\u00e1nyok). K\u00f3dsz\u00e1m vagy speci\u00e1lis esem\u00e9ny bevitel: bel\u00e9p\u00e9s k\u00e1rty\u00e1val, bel\u00e9p\u00e9s PIN k\u00f3ddal, vagy k\u00e1rtya \u00e9s PIN k\u00f3d egy\u00fctt. wBoxOpen Android alkalmaz\u00e1ssal is vez\u00e9relhet\u0151. 4000 k\u00e1rtya, 12000 esem\u00e9ny t\u00e1rol\u00e1sa. 4 programozhat\u00f3 be- \u00e9s kimenet pl.: k\u00e9zi nyit\u00e1s, szabot\u00e1zs, speci\u00e1lis vez\u00e9rl\u00e9si feladatok. Egy nagy\u00e1ram\u00fa rel\u00e9 a panelon (m\u00e1gnesz\u00e1r vez\u00e9rl\u00e9s). Be\u00e9p\u00edtett nem felejt\u0151 val\u00f3s idej\u0171 \u00f3ra, id\u0151tartom\u00e1nyokhoz k\u00f6t\u00f6tt jogosults\u00e1g rendszer.<\/p>\n<p>Kis rendszerekhez (25 k\u00e1rty\u00e1ig ) a X8WiFi vez\u00e9rl\u0151 \u00f6n\u00e1ll\u00f3, f\u00fcggetlen m\u0171k\u00f6d\u00e9sre is k\u00e9pes adatgy\u0171jt\u0151 n\u00e9lk\u00fcl, csatlakoztatva a megl\u00e9v\u0151 WiFi h\u00e1l\u00f3zathoz b\u00f6ng\u00e9sz\u0151n kereszt\u00fcl k\u00f6nnyen, \u00e1ttekinthet\u0151 m\u00f3don be\u00e1ll\u00edthat\u00f3. A k\u00e1rty\u00e1khoz nevek \u00e9s k\u00f3dsz\u00e1mok is rendelhet\u0151k. A nevekkel, id\u0151ponttal ell\u00e1tott esem\u00e9ny lista Excel kompatibilis f\u00e1jl form\u00e1j\u00e1ban let\u00f6lthet\u0151. Ha sz\u00fcks\u00e9ges a wBox2000 bel\u00e9ptet\u0151 rendszer r\u00e9sze is lehet.<\/p>\n<p>\u2022 K\u00e1rtyaolvas\u00f3 csatlakoz\u00e1s: 2db Wiegand vagy Magstripe interf\u00e9sz (BE \u00e9s Ki ir\u00e1nyok). Billenty\u0171zettel ell\u00e1tott olvas\u00f3 kezel\u00e9se is: bel\u00e9p\u00e9s k\u00e1rty\u00e1val agy PIN k\u00f3ddal.<br \/>\n\u2022 \u00d6n\u00e1ll\u00f3 m\u0171k\u00f6d\u00e9s\u0171, b\u00f6ng\u00e9sz\u0151n kereszt\u00fcl saj\u00e1t weblapj\u00e1n programozhat\u00f3. Megadhat\u00f3: k\u00e1rtyasz\u00e1m, PIN k\u00f3d, n\u00e9v. Let\u00f6lthet\u0151 Excel kompatibilis esem\u00e9ny lista.<br \/>\n\u2022 \u00d6n\u00e1ll\u00f3 m\u0171k\u00f6d\u00e9s eset\u00e9n 25db k\u00e1rtya \u00e9s1000 esem\u00e9ny. wBox2000 adatgy\u0171jt\u0151vel 2000db k\u00e1rtya 14000 esem\u00e9ny t\u00e1rol\u00e1sa.<br \/>\n\u2022 Be\u00e9p\u00edtett nem felejt\u0151 val\u00f3s idej\u0171 \u00f3ra, k\u00e9zi be\u00e1ll\u00edt\u00e1s vagy internetes id\u0151szerverhez kapcsol\u00f3dva friss\u00fclhet.<br \/>\n\u2022 Az ingyenes wBox2000 adatgy\u0171jt\u0151 programmal nagyobb rendszerek \u00e9p\u00edt\u00e9s\u00e9hez.<br \/>\n\u2022 Ingyenes t\u00e1voli seg\u00edts\u00e9gny\u00fajt\u00e1s a be\u00e1ll\u00edt\u00e1shoz.<\/p>\n<p>A csomag tartalma:<\/p>\n<p>\u2022 F\u00e9mdobozban (210x230x75mm).<br \/>\n\u2022 X8WiFi panel + antenna, dobozba szerelve<br \/>\n\u2022 2db EM-ID proximity olvas\u00f3<br \/>\n\u2022 2.5A t\u00e1pegys\u00e9g<br \/>\n\u2022 4A\u00f3 akkumul\u00e1tor<br \/>\n\u2022 2db EM-ID k\u00e1rtyaolvas\u00f3 k\u00fclt\u00e9ri<br \/>\n\u2022 5 darab EM-ID k\u00e1rtya<\/p>\n","protected":false},"excerpt":{"rendered":"<p>A csomag tartalmaz egy k\u00e9tolvas\u00f3s \u00e1tj\u00e1r\u00f3 kialak\u00edt\u00e1shoz minden sz\u00fcks\u00e9ges elemet (m\u00e1gnesz\u00e1r vagy ajt\u00f3tart\u00f3 m\u00e1gnes kiv\u00e9tel\u00e9vel, tekintettel a rendk\u00edv\u00fcl sokf\u00e9le ajt\u00f3t\u00edpusra) WiFi kommunik\u00e1ci\u00f3val.<\/p>\n","protected":false},"featured_media":174,"template":"","meta":[],"product_cat":[16],"product_tag":[],"class_list":{"0":"post-173","1":"product","2":"type-product","3":"status-publish","4":"has-post-thumbnail","6":"product_cat-vezerlok-szettek","8":"first","9":"instock","10":"taxable","11":"shipping-taxable","12":"purchasable","13":"product-type-simple"},"_links":{"self":[{"href":"https:\/\/webaruhaz.n1soft.hu\/index.php\/wp-json\/wp\/v2\/product\/173","targetHints":{"allow":["GET"]}}],"collection":[{"href":"https:\/\/webaruhaz.n1soft.hu\/index.php\/wp-json\/wp\/v2\/product"}],"about":[{"href":"https:\/\/webaruhaz.n1soft.hu\/index.php\/wp-json\/wp\/v2\/types\/product"}],"wp:featuredmedia":[{"embeddable":true,"href":"https:\/\/webaruhaz.n1soft.hu\/index.php\/wp-json\/wp\/v2\/media\/174"}],"wp:attachment":[{"href":"https:\/\/webaruhaz.n1soft.hu\/index.php\/wp-json\/wp\/v2\/media?parent=173"}],"wp:term":[{"taxonomy":"product_cat","embeddable":true,"href":"https:\/\/webaruhaz.n1soft.hu\/index.php\/wp-json\/wp\/v2\/product_cat?post=173"},{"taxonomy":"product_tag","embeddable":true,"href":"https:\/\/webaruhaz.n1soft.hu\/index.php\/wp-json\/wp\/v2\/product_tag?post=173"}],"curies":[{"name":"wp","href":"https:\/\/api.w.org\/{rel}","templated":true}]}}