{"id":199,"date":"2024-04-20T08:06:35","date_gmt":"2024-04-20T06:06:35","guid":{"rendered":"https:\/\/webaruhaz.n1soft.hu\/?post_type=product&#038;p=199"},"modified":"2024-04-20T08:10:23","modified_gmt":"2024-04-20T06:10:23","slug":"em-id-kartyaolvaso-szamtasztaturaval","status":"publish","type":"product","link":"https:\/\/webaruhaz.n1soft.hu\/index.php\/termek\/em-id-kartyaolvaso-szamtasztaturaval\/","title":{"rendered":"EM-ID k\u00e1rtyaolvas\u00f3 sz\u00e1mtasztat\u00far\u00e1val"},"content":{"rendered":"<div class=\"tab-content\">\n<div id=\"tab-description\" class=\"tab-pane active\">\n<p>EM-ID (125 KHz-es) proximity k\u00e1rtyaolvas\u00f3 sz\u00e1mtasztat\u00far\u00e1val, feh\u00e9r vagy fekete sz\u00ednben 26-bit Wiegand kimeneti form\u00e1tummal.<br \/>\nMinden m\u00e1s szabv\u00e1ny 26-bit Wiegand protokollt haszn\u00e1l\u00f3 bel\u00e9ptet\u0151 modulhoz is automatikusan illeszthet\u0151! K\u00fclt\u00e9ri.<\/p>\n<p>wBox2000 bel\u00e9ptet\u0151 rendszerrel egy\u00fctt haszn\u00e1lhat\u00f3 mint olvas\u00f3 \u00e9s k\u00f3dz\u00e1r.<\/p>\n<p>Munkaid\u0151 nyilv\u00e1ntart\u00f3 rendszerekben a t\u00e1voz\u00e1s jogc\u00edm\u00e9nek kiv\u00e1laszt\u00e1s\u00e1ra alkalmas.<\/p>\n<\/div>\n<\/div>\n","protected":false},"excerpt":{"rendered":"<p>EM-ID (125 KHz-es) proximity k\u00e1rtyaolvas\u00f3 sz\u00e1mtasztat\u00far\u00e1val, feh\u00e9r vagy fekete sz\u00ednben 26-bit Wiegand kimeneti form\u00e1tummal.<\/p>\n","protected":false},"featured_media":200,"template":"","meta":[],"product_cat":[18],"product_tag":[],"class_list":{"0":"post-199","1":"product","2":"type-product","3":"status-publish","4":"has-post-thumbnail","6":"product_cat-olvasok-kartyak","8":"first","9":"instock","10":"taxable","11":"shipping-taxable","12":"purchasable","13":"product-type-simple"},"_links":{"self":[{"href":"https:\/\/webaruhaz.n1soft.hu\/index.php\/wp-json\/wp\/v2\/product\/199","targetHints":{"allow":["GET"]}}],"collection":[{"href":"https:\/\/webaruhaz.n1soft.hu\/index.php\/wp-json\/wp\/v2\/product"}],"about":[{"href":"https:\/\/webaruhaz.n1soft.hu\/index.php\/wp-json\/wp\/v2\/types\/product"}],"wp:featuredmedia":[{"embeddable":true,"href":"https:\/\/webaruhaz.n1soft.hu\/index.php\/wp-json\/wp\/v2\/media\/200"}],"wp:attachment":[{"href":"https:\/\/webaruhaz.n1soft.hu\/index.php\/wp-json\/wp\/v2\/media?parent=199"}],"wp:term":[{"taxonomy":"product_cat","embeddable":true,"href":"https:\/\/webaruhaz.n1soft.hu\/index.php\/wp-json\/wp\/v2\/product_cat?post=199"},{"taxonomy":"product_tag","embeddable":true,"href":"https:\/\/webaruhaz.n1soft.hu\/index.php\/wp-json\/wp\/v2\/product_tag?post=199"}],"curies":[{"name":"wp","href":"https:\/\/api.w.org\/{rel}","templated":true}]}}