{"id":290,"date":"2024-09-05T15:06:18","date_gmt":"2024-09-05T13:06:18","guid":{"rendered":"https:\/\/webaruhaz.n1soft.hu\/?post_type=product&#038;p=290"},"modified":"2026-04-28T15:55:24","modified_gmt":"2026-04-28T13:55:24","slug":"komplett-munkaido-nyilvantarto-rendszer-raspberry-pi-szamitogeppel","status":"publish","type":"product","link":"https:\/\/webaruhaz.n1soft.hu\/index.php\/termek\/komplett-munkaido-nyilvantarto-rendszer-raspberry-pi-szamitogeppel\/","title":{"rendered":"Komplett munkaid\u0151 nyilv\u00e1ntart\u00f3 rendszer Raspberry Pi sz\u00e1m\u00edt\u00f3g\u00e9ppel"},"content":{"rendered":"<p>A szett tartalmaz minden sz\u00fcks\u00e9ges elemet egy komplett munkaid\u0151 nyilv\u00e1ntart\u00f3 rendszer ki\u00e9p\u00edt\u00e9s\u00e9hez, csak csatlakoztatnia kell sz\u00e1m\u00edt\u00f3g\u00e9p h\u00e1l\u00f3zat\u00e1hoz. A rendszer b\u0151v\u00edthet\u0151. K\u00e9szre szerelve sz\u00e1ll\u00edtjuk.<\/p>\n<p>Proximity olvas\u00f3 a BE ir\u00e1nyhoz<br \/>\nProximity olvas\u00f3 k\u00f3dbillenty\u0171zettel a KI ir\u00e1nyhoz. T\u00e1voz\u00e1skor jogc\u00edm v\u00e1laszt\u00e1si lehet\u0151s\u00e9g (pl. k\u00fcls\u0151 munka, mag\u00e1n c\u00e9l\u00fa elt\u00e1voz\u00e1s, eb\u00e9dsz\u00fcnet, cigaretta sz\u00fcnet stb.)<br \/>\n20db bel\u00e9p\u0151k\u00e1rtya.<br \/>\nRaspberry PI 4 minisz\u00e1m\u00edt\u00f3g\u00e9p (3D nyomtatott h\u00e1z h\u0171t\u0151ventil\u00e1torral, 2Gb RAM, 16Gb SD k\u00e1rtya, RTC modul, t\u00e1pegys\u00e9g). Kis m\u00e9ret, nagy megb\u00edzhat\u00f3s\u00e1g.<\/p>\n<p>X8Ip bel\u00e9ptet\u0151 vez\u00e9rl\u0151 f\u00e9mdobozban + DC12V plugin t\u00e1pegys\u00e9g.<\/p>\n<p>Install\u00e1lt wBox2000 bel\u00e9ptet\u0151 \u00e9s munkaid\u0151 nyilv\u00e1ntart\u00f3 szoftver: az alaprendszer max 50 f\u0151ig. B\u00f6ng\u00e9sz\u0151b\u0151l el\u00e9rhet\u0151, webr\u0151l menedzselhet\u0151. Jelenl\u00e9ti \u00edv, k\u00fcl\u00f6nb\u00f6z\u0151 jogc\u00edmek szerinti t\u00e1voll\u00e9tek (k\u00fcls\u0151 munka, eb\u00e9dsz\u00fcnet, mag\u00e1n c\u00e9l\u00fa elt\u00e1voz\u00e1s stb.) gy\u0171jt\u00e9se, k\u00e9s\u00e9s, t\u00fal\u00f3ra nyilv\u00e1ntart\u00e1s.<\/p>\n<p>wBoxOpen Android alkalmaz\u00e1ssal home office online munkav\u00e9gz\u00e9s nyilv\u00e1ntart\u00e1si lehet\u0151s\u00e9g. Ehhez biztos\u00edtani kell a h\u00e1l\u00f3zat internetes el\u00e9rhet\u0151s\u00e9g\u00e9t, statikus IP c\u00edm vagy dinamikus domain n\u00e9v szolg\u00e1ltat\u00e1s: ingyenes noip.com<br \/>\nIngyenes t\u00e1voli seg\u00edts\u00e9gny\u00fajt\u00e1s a be\u00fczemel\u00e9shez.<\/p>\n","protected":false},"excerpt":{"rendered":"<p>Komplett munkaid\u0151 nyilv\u00e1ntart\u00f3 rendszer Raspberry Pi sz\u00e1m\u00edt\u00f3g\u00e9ppel<\/p>\n","protected":false},"featured_media":291,"template":"","meta":[],"product_cat":[16],"product_tag":[],"class_list":{"0":"post-290","1":"product","2":"type-product","3":"status-publish","4":"has-post-thumbnail","6":"product_cat-vezerlok-szettek","8":"first","9":"instock","10":"taxable","11":"shipping-taxable","12":"purchasable","13":"product-type-simple"},"_links":{"self":[{"href":"https:\/\/webaruhaz.n1soft.hu\/index.php\/wp-json\/wp\/v2\/product\/290","targetHints":{"allow":["GET"]}}],"collection":[{"href":"https:\/\/webaruhaz.n1soft.hu\/index.php\/wp-json\/wp\/v2\/product"}],"about":[{"href":"https:\/\/webaruhaz.n1soft.hu\/index.php\/wp-json\/wp\/v2\/types\/product"}],"wp:featuredmedia":[{"embeddable":true,"href":"https:\/\/webaruhaz.n1soft.hu\/index.php\/wp-json\/wp\/v2\/media\/291"}],"wp:attachment":[{"href":"https:\/\/webaruhaz.n1soft.hu\/index.php\/wp-json\/wp\/v2\/media?parent=290"}],"wp:term":[{"taxonomy":"product_cat","embeddable":true,"href":"https:\/\/webaruhaz.n1soft.hu\/index.php\/wp-json\/wp\/v2\/product_cat?post=290"},{"taxonomy":"product_tag","embeddable":true,"href":"https:\/\/webaruhaz.n1soft.hu\/index.php\/wp-json\/wp\/v2\/product_tag?post=290"}],"curies":[{"name":"wp","href":"https:\/\/api.w.org\/{rel}","templated":true}]}}