{"id":55,"date":"2024-04-17T11:18:39","date_gmt":"2024-04-17T09:18:39","guid":{"rendered":"https:\/\/webaruhaz.n1soft.hu\/?post_type=product&#038;p=55"},"modified":"2024-04-20T06:31:07","modified_gmt":"2024-04-20T04:31:07","slug":"wbox2000-belepteto-program-ingyenes","status":"publish","type":"product","link":"https:\/\/webaruhaz.n1soft.hu\/index.php\/termek\/wbox2000-belepteto-program-ingyenes\/","title":{"rendered":"wBox2000 bel\u00e9ptet\u0151 program &#8211; Ingyenes"},"content":{"rendered":"<p>Adatgy\u0171jt\u0151 program \u00e9s webszerver bel\u00e9ptet\u0151 rendszerhez . 32 vagy 64 bites Windows7-t\u0151l Windows szerverig tetsz\u0151leges Windows op. rendszeren m\u0171k\u00f6dik. Virtu\u00e1lis g\u00e9pen is futhat, felh\u0151alap\u00fa verzi\u00f3 is rendelkez\u00e9sre \u00e1ll.<\/p>\n<ul>\n<li>Vez\u00e9rl\u0151 v\u00e1s\u00e1rl\u00e1s eset\u00e9n ill. wBox2000 munkaid\u0151 vagy GPS modulhoz ingyenes max 3 olvas\u00f3ig \u00e9s 50db k\u00e1rty\u00e1ig.<\/li>\n<li>Nyit\u00e1s k\u00e1rty\u00e1val \u00e9s\/vagy k\u00f3dsz\u00e1mmal<\/li>\n<li>K\u00e1rtya \u00e9s\/vagy k\u00f3dsz\u00e1m lej\u00e1rati id\u0151k kezel\u00e9se (kis panzi\u00f3k, sz\u00e1llod\u00e1k sz\u00e1m\u00e1ra)<\/li>\n<li>SQL adatb\u00e1zis, automatikus ment\u00e9s funkci\u00f3.<\/li>\n<li>Web alap\u00fa megjelen\u00edt\u00e9s tetsz\u0151leges platformon m\u0171k\u00f6d\u0151 b\u00f6ng\u00e9sz\u0151vel. Interneten kereszt\u00fcl el\u00e9rhet\u0151 \u00e9s menedzselhet\u0151.<\/li>\n<li>Max 64 vez\u00e9rl\u0151, 128 f\u00fcggetlen jogosults\u00e1g\u00fa olvas\u00f3.<\/li>\n<li>Androidos eszk\u00f6zr\u0151l nyit\u00e1s, t\u00e1vvez\u00e9rl\u00e9s k\u00f3dsz\u00e1mmal a wBoxOpen alkalmaz\u00e1ssal.<\/li>\n<li>Mobil eszk\u00f6zr\u0151l munkaid\u0151 esem\u00e9nyek k\u00fcld\u00e9se (\u00e9rkez\u00e9s, t\u00e1voz\u00e1s, k\u00fcls\u0151 munka).<\/li>\n<li>Ter\u00fcletekre \u00e9s id\u0151 tartom\u00e1nyokra bonthat\u00f3, szem\u00e9lyre szabott k\u00e1rtya jogosults\u00e1gi rendszer.<\/li>\n<li>Porta szolg\u00e1lat sz\u00e1m\u00e1ra vend\u00e9gkezel\u00e9s, k\u00e1rty\u00e1s vagy k\u00e1rtya n\u00e9lk\u00fcli vend\u00e9g regisztr\u00e1ci\u00f3. Id\u0151ben korl\u00e1tozott szem\u00e9lyre szabhat\u00f3 bel\u00e9p\u00e9si jogosults\u00e1gok.<\/li>\n<li>K\u00e1rtya tulajdonosok (dolgoz\u00f3k vagy g\u00e9pj\u00e1rm\u0171vek) t\u00edpus \u00e9s oszt\u00e1ly szerinti besorol\u00e1sa, list\u00e1k bont\u00e1sa ezek alapj\u00e1n.<\/li>\n<li>K\u00fcl\u00f6nb\u00f6z\u0151 list\u00e1k Excel kompatibilis kimeneti form\u00e1tumban.<\/li>\n<li>T\u00f6bb szint\u0171 kezel\u0151 jogosults\u00e1gi rendszer, biztons\u00e1gi napl\u00f3 a programot kezel\u0151k tev\u00e9kenys\u00e9g\u00e9r\u0151l.<\/li>\n<li>B\u0151v\u00edthet\u0151 munkaid\u0151 \u00e9s GPS modullal<\/li>\n<\/ul>\n<p>B\u00e1rhonnan (nem a bels\u0151 vezet\u00e9kes vagy WIFI h\u00e1l\u00f3zatr\u00f3l) t\u00f6rt\u00e9n\u0151 t\u00e1voli el\u00e9r\u00e9shez a h\u00e1l\u00f3zatnak domain n\u00e9vvel (ez lehet p\u00e9ld\u00e1ul az ingyenes noip.com szolg\u00e1ltat\u00e1s is) vagy fix IP c\u00edmmel kell rendelkezni. A konfigur\u00e1l\u00e1sban tudunk seg\u00edteni.<\/p>\n<p>Az eszk\u00f6z\u00f6kh\u00f6z rendelkez\u00e9sre bocs\u00e1tott wBox2000 szoftver rendszer ingyenesen kiz\u00e1r\u00f3lag saj\u00e1t c\u00e9lra haszn\u00e1lhat\u00f3, saj\u00e1t bels\u0151 h\u00e1l\u00f3zaton vagy nem publikus web szerveren. Az internetr\u0151l val\u00f3 olyan publikus el\u00e9r\u00e9se, ami lehet\u0151v\u00e9 teszi a rendszer bejelentkez\u0151 k\u00e9perny\u0151j\u00e9n k\u00edv\u00fcl m\u00e1s bels\u0151 tartalom megjelen\u00edt\u00e9s\u00e9t is, tilos! A rendszer haszn\u00e1l\u00f3j\u00e1nak felel\u0151ss\u00e9ge, hogy gondoskodjon a rendszer biztons\u00e1gos, nem publikus jelszavas el\u00e9r\u00e9sr\u0151l!<\/p>\n","protected":false},"excerpt":{"rendered":"<p>Adatgy\u0171jt\u0151 program \u00e9s webszerver bel\u00e9ptet\u0151 rendszerhez . 32 vagy 64 bites Windows7-t\u0151l Windows szerverig tetsz\u0151leges Windows op. rendszeren m\u0171k\u00f6dik. Virtu\u00e1lis g\u00e9pen is futhat, felh\u0151alap\u00fa verzi\u00f3 is rendelkez\u00e9sre \u00e1ll.<\/p>\n","protected":false},"featured_media":54,"template":"","meta":[],"product_cat":[17],"product_tag":[],"class_list":{"0":"post-55","1":"product","2":"type-product","3":"status-publish","4":"has-post-thumbnail","6":"product_cat-belepteto-szoftverek","8":"first","9":"instock","10":"taxable","11":"shipping-taxable","12":"purchasable","13":"product-type-simple"},"_links":{"self":[{"href":"https:\/\/webaruhaz.n1soft.hu\/index.php\/wp-json\/wp\/v2\/product\/55","targetHints":{"allow":["GET"]}}],"collection":[{"href":"https:\/\/webaruhaz.n1soft.hu\/index.php\/wp-json\/wp\/v2\/product"}],"about":[{"href":"https:\/\/webaruhaz.n1soft.hu\/index.php\/wp-json\/wp\/v2\/types\/product"}],"wp:featuredmedia":[{"embeddable":true,"href":"https:\/\/webaruhaz.n1soft.hu\/index.php\/wp-json\/wp\/v2\/media\/54"}],"wp:attachment":[{"href":"https:\/\/webaruhaz.n1soft.hu\/index.php\/wp-json\/wp\/v2\/media?parent=55"}],"wp:term":[{"taxonomy":"product_cat","embeddable":true,"href":"https:\/\/webaruhaz.n1soft.hu\/index.php\/wp-json\/wp\/v2\/product_cat?post=55"},{"taxonomy":"product_tag","embeddable":true,"href":"https:\/\/webaruhaz.n1soft.hu\/index.php\/wp-json\/wp\/v2\/product_tag?post=55"}],"curies":[{"name":"wp","href":"https:\/\/api.w.org\/{rel}","templated":true}]}}